- 45 = 20. What is the remainder when 228 is divided by i?
3
Suppose 16 = 4*f - 4. What is the remainder when 40 is divided by f?
0
Suppose 5*i = y + 24, -y - 2 = -3*y. Suppose -a + 157 = -2*v, -i*v - 40 = -a + 132. What is the remainder when a is divided by 25?
22
Let o be 1*-4*(2 - 1). Calculate the remainder when 606/66 + o/22 is divided by 8.
1
Suppose m = 1 + 2. Let t = 1079 + -1058. What is the remainder when m/(-9)*(0 + -183) is divided by t?
19
Suppose -2*s = -3*s + 7. Suppose l + 168 = -5*l. Let o = 30 + l. What is the remainder when s is divided by o?
1
Suppose 0 = -8*o + 9*o - 42. Let n(u) = u**3 - 16*u**2 - 17*u + 11. Let d = 37 + -20. Calculate the remainder when o is divided by n(d).
9
What is the remainder when (15095/(-9))/(-5) + (-52)/117 is divided by 86?
77
Let w(l) = l**3 + 5*l**2 - 9*l + 10. Let v be w(-6). What is the remainder when (-2020)/(-16) + (-7)/v is divided by 16?
14
Suppose 2*d - 48 = 176. Suppose -43 = -2*y + m, -4*m + 2*m + d = 5*y. Suppose -y = -j + 12. Calculate the remainder when j is divided by 12.
10
Suppose -5*y = -817 + 457. What is the remainder when y is divided by 26?
20
Suppose -4*p + 84 = 5*h, -5*p + 69 = 4*h - 0*p. What is the remainder when -1*58*(-5)/10 is divided by h?
13
Let k(b) be the first derivative of b**4/2 - b**3 - b**2 + b - 1. Let r = 206 + -119. What is the remainder when r is divided by k(3)?
21
Suppose -10*p + 640 = -5*p. Calculate the remainder when p is divided by 26.
24
Let d be 693/(-21) + (-8)/(-2). Let r = 33 + d. Let j = r + 11. Calculate the remainder when j is divided by 9.
6
Let z be 17 - (4 + 1) - 4. Suppose 4*q = z, -7*x - 5*q + 90 = -3*x. What is the remainder when 139 is divided by x?
19
Suppose 360 = 3*g + j, 5*j + 22 = 5*g - 558. What is the remainder when g is divided by 31?
26
Suppose -i - 186 = 8. Let n be (20 + i)*2/(-4). What is the remainder when (n - -2)/(7/7) is divided by 18?
17
Suppose -93*m - 70 = -98*m. What is the remainder when 516 is divided by m?
12
Let t(z) = -4*z - 1. Let g be t(-4). Let u = g + -15. Suppose 6*m - 9*m + 27 = u. What is the remainder when 33 is divided by m?
6
Let p(f) = -4*f**2 + 3*f - 3. Let m(g) = g**2 - g - 1. Let j(s) = 4*m(s) - p(s). Calculate the remainder when 57 is divided by j(2).
6
Let r(s) = -14*s - 66. Calculate the remainder when r(-14) is divided by 34.
28
Suppose 52 = m + 4*d, 0 = 2*m + m - 5*d - 139. Calculate the remainder when 114 is divided by m.
18
Suppose -b + 0*b - b = 0. Suppose b = 2*l - 12*l + 230. Calculate the remainder when l is divided by 13.
10
Suppose -121 = 21*r - 478. Calculate the remainder when 32 is divided by r.
15
Let j = -128 + 136. What is the remainder when (-1)/(-5) + (-432)/(-15) is divided by j?
5
Suppose -5*a + 0*v = 4*v + 17, -4*v - 12 = 0. What is the remainder when 6 is divided by (0 - a)*(6 - 3)?
0
Suppose -4*d + 3*l + 55 = 2*l, 3*l = 4*d - 53. Suppose 2*z - d = 14. What is the remainder when 39 is divided by z?
11
Let b(y) = y + 96. Suppose -2*x = -4*g + x + 80, -x = g - 20. What is the remainder when b(-24) is divided by g?
12
Suppose 5*a + 6 = 3*a, 2*u - 2*a = 34. Calculate the remainder when (-123)/(4 - 4 - 3) is divided by u.
13
Suppose l + 0*l - 4*n - 80 = 0, -2*l - 2*n = -160. Suppose -2*i + 6*i + l = 0. Let b = i + 32. Calculate the remainder when 33 is divided by b.
9
Suppose -5*v + 14 = -16. Calculate the remainder when (-4)/(-18) + 665/45 is divided by v.
3
Suppose -4 = -2*n + 6. Suppose 30 = 5*j - 10*x + n*x, -3*x = j - 18. Calculate the remainder when 50 is divided by j.
5
Let o = 360 + 176. Suppose 0 = -3*x - 2*n + 397, 3*n - o = -4*x - n. Calculate the remainder when x is divided by 22.
19
Suppose t = -181 + 189. Let g(x) = -17*x - 3. What is the remainder when g(-2) is divided by t?
7
Let b(w) = w**2 - w. Let r = -10 - -10. Let z be b(r). Suppose -175 = -5*f - z*f. Calculate the remainder when f is divided by 9.
8
Let n be (5 - 4 - 45) + 4. Let t = 61 + n. What is the remainder when t is divided by 6?
3
Suppose 0 = 3*h + 4*h - 42. What is the remainder when 59 is divided by h?
5
Suppose 2*s + 6 = -0*a + a, -s = 2*a - 12. Suppose z - 3*z + 86 = 0. What is the remainder when a is divided by z/9 + (-2)/(-9)?
1
Let c = 37 + -43. Let r(m) = m**2 + 7*m + 13. What is the remainder when 12 is divided by r(c)?
5
Let m = -21 + 25. Suppose -z = 2, -3*p - m*z - 6 = -2*p. Suppose 3*h + p*h = 4*r + 123, 0 = h - r - 25. What is the remainder when 112 is divided by h?
20
Suppose 0 = -4*h + 5*m + 263, -25 - 31 = -h - 2*m. Calculate the remainder when h is divided by (3/2)/((-2)/(-44) + 0).
29
Let f(n) = n + 23. Let w be f(-19). Suppose 3*z - w = -2*a, -2*z + a - 2*a + 4 = 0. What is the remainder when 18 is divided by z?
2
Suppose v + 2*v = 9. Let c = v + -1. Suppose a + 0*i + c*i - 10 = 0, -4*i + 2 = -a. What is the remainder when 11 is divided by a?
5
Suppose 3*g + 4 - 10 = 0, -3*h + 3*g - 147 = 0. Let u = h + 57. What is the remainder when u is divided by 2?
0
Calculate the remainder when 6992/20 + 5/(50/(-6)) is divided by 35.
34
Let p(x) = 15*x**2 - 14 - 7*x - 7*x**2 - 9*x**2. Let z be p(-8). What is the remainder when 41 is divided by (-1)/(((-4)/z)/(-2))?
8
Suppose 16 = -4*b - 0*b, -18 = -2*j - b. Let s = -9 + 39. What is the remainder when s is divided by j?
8
Suppose 4*z - 312 = -5*s, -3*z + 156 = -z + s. Suppose -v - z = -3*v. What is the remainder when v is divided by (2 - 1) + (-1 - -10)?
9
Suppose 5*p - 14 - 1 = -2*m, p - 3 = m. Suppose m = -s - 0*s + 14. Calculate the remainder when s is divided by 4.
2
Let m(d) = -d**3 + 7*d**2 + 6*d + 1. Let z be m(5). Let r = z - 40. Suppose 73 = 3*a - r. What is the remainder when a is divided by 20?
18
Let v = -3 - -7. Let n(t) = -4 + 10*t + 266*t**2 + 270*t**2 - 537*t**2. What is the remainder when 57 is divided by n(v)?
17
Let z = 54 + -37. Let w = z - 0. What is the remainder when w is divided by 5?
2
Suppose -2*v + 394 = 2*i, -i + 4*v + 290 - 93 = 0. What is the remainder when i is divided by 40?
37
What is the remainder when -9*((-3)/((-9)/(-20)) - 0) is divided by 28?
4
Let y be ((-54)/81)/(2/381 + 0). Let j = -82 - y. What is the remainder when j is divided by 23?
22
Suppose -a = -32 + 2. Suppose -5 - 1 = 3*q. What is the remainder when a is divided by (-6)/15 - ((-328)/(-10))/q?
14
Suppose 12*i + 302 = 506. Calculate the remainder when 1205 is divided by i.
15
Calculate the remainder when 90 is divided by 4/(-1*(-7)/(483/6)).
44
Suppose -6*a - 36 = 186. Let g = 18 - a. Calculate the remainder when g is divided by 14.
13
What is the remainder when 152 is divided by (1/2)/(-6*4/(-816))?
16
Calculate the remainder when 34 is divided by 10 - 22/((-2)/1).
13
Let j be (-4)/(-8) - 1/2. Suppose -4*k + 3*s = -137, 5*k + j*k - 5*s - 175 = 0. Suppose -4*l + 2325 = 21*l. What is the remainder when l is divided by k?
29
Suppose s = 3*s - 1132. Suppose 3*i - 239 = -5*z + 343, -i = -5*z + s. Calculate the remainder when z is divided by 29.
27
Calculate the remainder when -22 + 154 + 1*-10 is divided by 42.
38
Calculate the remainder when 15 is divided by (-136)/(-22) - (-3 - (-35)/11).
3
Suppose 0 = 4*v + 12, -p + 3*v = -36 + 11. What is the remainder when 349 is divided by p?
13
Let u = -123 - -123. What is the remainder when u + (-5)/(-20) + 598/8 is divided by 11?
9
Calculate the remainder when (-10 + 22)*32/6 is divided by 26.
12
Let h = -376 + 380. Let w(t) = -t**3 - 3*t**2 + 2*t + 4. What is the remainder when w(-4) is divided by h?
0
Suppose -3*t + 6 = -0*t. Suppose -18 = -t*o + 5*o. What is the remainder when 66*-3*1/o is divided by 12?
9
Suppose f - 3*f + 8 = 0. Suppose 0 = 314*d - 308*d - 510. Let u = 87 - d. Calculate the remainder when f is divided by u.
0
Suppose 0 = -3*r + 4*t + 19 + 66, -3*r = -2*t - 77. Suppose 0*d + 155 = 5*d. Suppose -17 - d = -4*j. Calculate the remainder when r is divided by j.
11
Suppose 0 = 310*r - 309*r - 1583. What is the remainder when r is divided by 8?
7
Let r be (-182)/(-84) - (-2)/(-12). Suppose 3*v = -m + 29, v - 5*v + 36 = r*m. Calculate the remainder when 142 is divided by v.
10
Let o = 17 + -15. Let k(g) = 22*g**2 - 5*g + 6. Calculate the remainder when k(o) is divided by 22.
18
Let b = -4 - -8. Suppose 4615 = -25*s + 90*s. What is the remainder when s is divided by 140/6 + b/6?
23
Sup